*c + 12 = -8. What is the highest common factor of c and g?
4
Let q = -741 + 774. Calculate the highest common divisor of 825 and q.
33
Suppose -13440 = 59*b - 74*b. Calculate the greatest common factor of 56 and b.
56
Let t(l) be the first derivative of -l**3/3 + 3*l**2 - 4*l - 8. Let i be t(4). What is the greatest common factor of 44 and i?
4
Let o be ((-128)/(-10))/(-10*(-14)/350). What is the greatest common divisor of 48 and o?
16
Suppose -f + 4*f = 30. Let l = -5 + f. Let a = 10 - l. What is the greatest common factor of 2 and a?
1
Let s be (-3096)/(-20) - 6/(-30). Calculate the greatest common factor of s and 15.
5
Let p be 3*((-84)/(-9) - -2). Let r = p - 25. Calculate the highest common divisor of r and 54.
9
Suppose -31 = -l - 3*f, -19 = -4*l + 3*l + 3*f. Let m = l - 19. Calculate the greatest common factor of 3 and m.
3
Let o be (-1 - (-72)/(-2))*(-5 + -4). What is the greatest common divisor of o and 37?
37
Suppose 41*d = 43*d - 4. Suppose -4*a = d*a - 216. Calculate the greatest common factor of 12 and a.
12
Let h be ((-4)/5)/((-2)/120). Let r(s) = s**2 + 6*s. Let l be r(-6). Suppose l = 3*c - 10 - 8. Calculate the greatest common factor of h and c.
6
Let t be (0 - (-4)/(-3)) + (-190)/(-3). Suppose -48 + t = o. Calculate the highest common factor of o and 84.
14
Suppose 13 = a - 4. Let h be (-2)/3*(1224/16)/17. Let r = a + h. Calculate the greatest common divisor of 126 and r.
14
Let g = -31 + 35. Let r be 1/(7/g)*7. Calculate the greatest common divisor of r and 10.
2
Let t = -36 + 360. Suppose 8*a = 4*a + t. Calculate the highest common factor of a and 54.
27
Let t = -53 - -55. Let q be 157/t - (-7)/(-14). Calculate the greatest common divisor of q and 117.
39
Let i(m) = m**3 - m**2 + 10. Suppose -5*j = -2*j + 3*o - 6, 2*o - 4 = -j. Let a be i(j). What is the greatest common factor of 25 and a?
5
Let g(z) = -z**3 - 3*z**2 - 2*z - 1. Let x be g(-2). Let d(h) = -11*h + 1. Let a be d(x). Calculate the greatest common factor of 8 and a.
4
Suppose -7*t = 890 - 3074. Let d be 3*(2 + t/9). Calculate the greatest common divisor of 22 and d.
22
Suppose 0 = -5*k - 180 + 1380. Suppose 0 = -4*c - c + k. Suppose -4*h = -r - 2, 31 + 1 = 4*r + 4*h. Calculate the highest common divisor of r and c.
6
Let q(f) be the third derivative of f**4/6 + 4*f**3 + 2*f**2. Let r be q(10). Calculate the greatest common divisor of 16 and r.
16
Let f be (-4)/(0 + (-4)/20). Suppose 2*v - 2 - f = -3*s, -4*s - 4 = -4*v. Let l be ((-21)/12)/(v/(-40)). What is the greatest common divisor of 2 and l?
2
Let r(j) = 11*j**2 + 22*j - 67. Let p be r(3). Suppose -f - 2 = -a + 13, 0 = 3*a - 2*f - 44. What is the highest common factor of a and p?
14
Suppose 0*a - 2*a + 254 = -c, 0 = -2*a + 4*c + 242. Let g = a + -53. What is the highest common factor of 19 and g?
19
Let q = -14 - -109. Let v be (3 - 9/2)*(-304)/24. What is the highest common divisor of v and q?
19
Let g(k) = -2*k + 15. Let t be g(13). Let j be t/2*(4 - 2). Let f = j - -31. Calculate the highest common divisor of f and 5.
5
Suppose 7*o - 12*o = 0. Let p be o - (-193 + 2 + 2). What is the highest common divisor of p and 21?
21
Suppose -4*s = 4*h - 8, -3*h + 4*s + 2 = -11. Let m be 3/((-3)/(-6) - 1). Let z be ((-1)/2)/(m/36). Calculate the greatest common factor of z and h.
3
Let b be 2/9 + (-38)/9. Let q(f) = 9*f**2 - 2*f - 2. Let n be q(b). What is the greatest common factor of n and 30?
30
Suppose -8*i = -255 - 105. Calculate the highest common factor of i and 1440.
45
Let x(m) = m**3 - 12*m**2 - 15*m - 10. Let j be x(13). Let z be (j/42)/((-1)/(-14)). Let c = z + 24. Calculate the greatest common divisor of 48 and c.
12
Let q(p) = -p**3 - 16*p**2 + p + 18. Let j be q(-16). Suppose j*w + 298 = 4*d, -2*d + 3*d - 5*w - 97 = 0. Calculate the greatest common factor of d and 108.
36
Let y(s) = s + 2 + 22 - 6*s + 3*s. Let t be y(5). Calculate the highest common factor of 14 and t.
14
Let r = -23 - -25. Let u(w) = -4*w - 3 - 8 + 5 + 18*w - r*w**2. Let l be u(6). What is the greatest common factor of l and 15?
3
Suppose 0 = -7*s - 3*s + 270. What is the highest common factor of s and 3?
3
Let y be (-1 + 2)*(-6 + 10). Suppose -11 = -y*t + l, 4*t - l = -t + 15. Suppose -19 = t*m - 79. Calculate the greatest common divisor of 120 and m.
15
Let c(p) = 5*p - 28. Let l be c(6). Suppose u = 3*u - 2*f + l, -5*u = 3*f - 19. Calculate the highest common factor of 16 and u.
2
Suppose 8*o - 4 - 28 = 0. Calculate the greatest common divisor of o and 26.
2
Let q = 10 - -44. Suppose -4*i = 60 - 264. Let g = i + -45. What is the highest common divisor of q and g?
6
Suppose 40*n - 168 = 19*n. Let z be (-544)/(-6) - (-2)/(-3). Suppose -2*o = 2*r - z, -o - 3*o + 175 = 3*r. Calculate the greatest common divisor of o and n.
8
Let m be (-4)/4 + 1 - -3. Suppose 5*z + 33 = 3*t, z - 3*z - m*t = 30. Let h be (25 - z/(-3)) + -1. Calculate the greatest common divisor of 3 and h.
3
Suppose q - 102 = -5*k - 2*q, k - 2 = 4*q. Let y be 0/((-10)/(-5)) + 2. Suppose -74 = -y*t - k. Calculate the highest common divisor of 7 and t.
7
Let b = 56 + 104. Let z(f) = -2*f**2 - 173*f - 66. Let p be z(-86). Calculate the greatest common divisor of p and b.
20
Let u be (18/54)/(398/132 + -3). Calculate the highest common factor of 407 and u.
11
Suppose j + 1096 = 5*j. Let x = j - 154. Suppose 0 = 2*v - 119 + 23. Calculate the highest common factor of x and v.
24
Let y = -632 - -1064. What is the highest common divisor of y and 54?
54
Let v = 1019 + -747. Calculate the greatest common factor of 34 and v.
34
Let d(p) = -111*p + 117. Let g be d(-15). What is the greatest common divisor of g and 66?
66
Let p be 1 - (1 + -2)*1. Let q = 125 + -52. Let c = q + -67. Calculate the highest common divisor of c and p.
2
Suppose 57 - 12 = u. Suppose -3*x - 2*f + 143 = 0, 190 + u = 5*x + 4*f. Calculate the highest common divisor of 17 and x.
17
Let q = -14 + 44. Let z be ((-1)/(4/18))/(q/(-180)). Calculate the greatest common divisor of 36 and z.
9
Suppose -2*n = -5*b - 290, n - 2*n + 146 = -2*b. Let x = -363 + 393. What is the greatest common divisor of x and n?
30
Let l(a) = -5*a + 8. Let h be l(-8). Calculate the highest common factor of 192 and h.
48
Suppose -2*i = 2*t - 342, -5*i + 409 = 3*t - 96. Suppose -o - t = -5*d, 0 = -4*d - 2*o - 2*o + 164. Calculate the greatest common factor of d and 54.
18
Suppose 5*f = 3*y + 48, -2*f + 14 + 3 = y. Suppose 33 = -4*x + f. Let v be (-9)/x*(0 - -20). Calculate the highest common divisor of v and 30.
30
Let b be 4/((-16)/(-76)) - (-11 - -12). Let x(c) = 2*c. Let j be x(1). What is the highest common divisor of j and b?
2
Let s = -23 - 38. Let c = s + 109. Let y(l) = 9*l**2 - 2*l - 3. Let o be y(3). Calculate the highest common divisor of c and o.
24
Let y = 72 + -32. Calculate the highest common divisor of y and 360.
40
Let n be (-2 + 1)/(1/(-110)). Suppose 384 = 41*w - 26. What is the highest common factor of n and w?
10
Let z be 498/4 - 2/(-4). Suppose 3*d + 3*p - 15 = 0, p = -5*d + 4 + 1. Suppose d*a + 150 = 3*a. Calculate the highest common factor of a and z.
25
Let f be (90/(-2))/(8 + (-72)/8). What is the greatest common divisor of 10 and f?
5
Suppose -2*j + 6*j - 48 = 4*t, 5*t = j - 32. Suppose -r - 2*r = 2*w - 142, -r + 73 = w. Calculate the greatest common factor of w and j.
7
Let u(p) = p**2 - 21*p + 1. Let l be u(18). Let w = -24 - l. Calculate the highest common divisor of 319 and w.
29
Suppose 60 = 12*g + 3*g. Calculate the greatest common factor of 1120 and g.
4
Suppose 8*i - 14*i = -192. Calculate the greatest common factor of i and 416.
32
Let q = -18 - -21. Let z(f) = 5 - 6*f + 7 + f**2 - q. Let o be z(7). Calculate the highest common divisor of o and 8.
8
Let q(o) = -6 - 5 - 20*o**2 + 21*o**2 + 10*o. Let p be q(9). What is the highest common factor of p and 16?
16
Suppose -4*l + 1708 = 5*g, -5*l = 4*g - 859 - 511. Calculate the greatest common factor of 272 and g.
68
Suppose v - 3*v + 68 = 0. Let k(w) = -133*w + 433. Let o be k(3). Calculate the greatest common divisor of v and o.
34
Suppose 5*n = -4*t + 35, -5*t - n + 34 - 6 = 0. Suppose t*o - 31 = 104. Calculate the highest common divisor of o and 243.
27
Suppose a + a = 416. Suppose 0 = -6*d + 7*d - a. What is the greatest common divisor of d and 26?
2